{"id":127,"date":"2020-02-11T14:32:41","date_gmt":"2020-02-11T14:32:41","guid":{"rendered":"http:\/\/bankers.tokdigitalagency.com\/?page_id=127"},"modified":"2025-08-07T14:28:05","modified_gmt":"2025-08-07T14:28:05","slug":"karriera","status":"publish","type":"page","link":"https:\/\/bankerspetroleum.com\/alb\/karriera\/","title":{"rendered":"Karriera"},"content":{"rendered":"<p>N\u00eb Bankers, ne besojm\u00eb se \u00e7do punonj\u00ebs kontribuon drejtp\u00ebrdrejt n\u00eb rritjen dhe suksesin e kompanis\u00eb son\u00eb.<\/p>\n<p>Duke nxitur nj\u00eb mjedis ekipor ku t\u00eb gjith\u00eb inkurajohen t\u00eb aplikojn\u00eb aft\u00ebsit\u00eb dhe njohurit\u00eb e tyre n\u00eb m\u00ebnyr\u00eb efektive, ne synojm\u00eb t&#8217;u ofrojm\u00eb punonj\u00ebsve tan\u00eb sfidat teknike t\u00eb nevojshme p\u00ebr t&#8217;i mbajtur njer\u00ebzit tan\u00eb t\u00eb arrijn\u00eb potencialin e tyre m\u00eb t\u00eb lart\u00eb.<\/p>\n<p>Jemi krenar\u00eb q\u00eb jemi nj\u00eb organizat\u00eb ku siguria e njer\u00ebzve tan\u00eb, respekti p\u00ebr t\u00eb drejtat e njer\u00ebzve, p\u00ebrgjegj\u00ebsia p\u00ebr pun\u00ebn tone dhe besimi i nd\u00ebrsjell\u00eb jan\u00eb element ky\u00e7 t\u00eb cultures son\u00eb korporative.<\/p>\n<p>Ne besojm\u00eb se p\u00ebrvoja e \u00e7do punonj\u00ebsi n\u00eb Bankers Petroleum do t\u00eb jet\u00eb sfiduese, e k\u00ebndshme dhe shp\u00ebrblyese.<\/p>\n<p>N\u00ebse jeni t\u00eb interesuar t\u00eb b\u00ebheni pjes\u00eb e ekipit t\u00eb Bankers, klikoni &#8216;Apliko Online&#8217; p\u00ebr t\u00eb dor\u00ebzuar CV-n\u00eb tuaj. P\u00ebr t\u00eb gjitha pyetjet e tjera t\u00eb p\u00ebrgjithshme, ju lutemi d\u00ebrgoni nj\u00eb email n\u00eb hr@bankerspetroleum.com.<\/p>\n<p>Sinjalizim p\u00ebr Mashtrim n\u00eb Rekrutim<\/p>\n<p>Ju lutemi t\u00eb keni parasysh se Bankers Petroleum Ltd. (&#8220;Bankers&#8221;), deg\u00ebt e saj dhe organizatat q\u00eb Bankers u beson p\u00ebrpjekjet e rekrutimit nuk k\u00ebrkojn\u00eb asnj\u00eb form\u00eb pagese nga aplikant\u00ebt n\u00eb asnj\u00eb rrethan\u00eb n\u00eb asnj\u00eb moment t\u00eb procesit t\u00eb rekrutimit ose ofert\u00ebs.<\/p>\n<p>N\u00ebse merrni korrespondenc\u00eb nga pale q\u00eb konsiderojn\u00eb se p\u00ebrfaq\u00ebsojn\u00eb Bankers, e cila ju udh\u00ebzon t\u00eb d\u00ebrgoni para p\u00ebr t\u00eb d\u00ebrguar CV-n\u00eb tuaj te Bankers, ju lutemi ta trajtoni at\u00eb si mashtrim. Bankers ju rekomandon t\u00eb d\u00ebrgoni informacion n\u00eb lidhje me k\u00ebt\u00eb aktivitet mashtrues te autoritetet tuaja locale p\u00ebr veprimet e duhura.<\/p>\n<p>Sh\u00ebnim: \u00a0P\u00ebr banor\u00ebt e Shqip\u00ebris\u00eb q\u00eb k\u00ebrkojn\u00eb pun\u00ebsim n\u00eb Shqip\u00ebri, ju lutemi t\u00eb kontaktoni <a href=\"mailto:humanresources@bankerspetroleum.com\">humanresources@bankerspetroleum.com<\/a><\/p>\n<p>&nbsp;<\/p>\n<h5><strong>VACANCY \u00a0NOTICE<\/strong><\/h5>\n<p><a href=\"https:\/\/tokdev.al\/bankers\/wp-content\/uploads\/2022\/11\/Vacancy-GPS-Operator.pdf\" target=\"_blank\" rel=\"noopener noreferrer\"><strong>1. Position Title:\u00a0\u00a0\u00a0GPS Operator<\/strong>\u00a0<\/a><br \/>\n<strong>No.\u00a0required:<\/strong>\u00a0\u00a0\u00a0 \u00a0\u00a0 1<br \/>\n<strong>Department:<\/strong>\u00a0\u00a0\u00a0\u00a0\u00a0 \u00a0\u00a0 Security<br \/>\n<strong>Reports\u00a0to:<\/strong>\u00a0\u00a0\u00a0\u00a0\u00a0\u00a0\u00a0\u00a0 \u00a0\u00a0 Security\u00a0Manager<br \/>\n<strong>Location:<\/strong>\u00a0\u00a0\u00a0\u00a0\u00a0\u00a0\u00a0\u00a0\u00a0\u00a0\u00a0\u00a0 \u00a0\u00a0 Field\u00a0Command\u00a0Centre<br \/>\n<strong>Working schedule:<\/strong>\u00a04 days ON\/4 days OFF; Working hours: Day shift: 07.00-19.00\/Night shift: 19.00- 07.00; 1 hour\u00a0break\u00a0included.<\/p>\n<p><strong><a href=\"https:\/\/tokdev.al\/bankers\/wp-content\/uploads\/2022\/11\/Vacancy-AIV-Operator.pdf\" target=\"_blank\" rel=\"noopener noreferrer\">2. Position Title:\u00a0\u00a0\u00a0 A.I.V. Operator<\/a><br \/>\n<\/strong><strong>Department<\/strong>:\u00a0\u00a0\u00a0\u00a0\u00a0 \u00a0\u00a0\u00a0 Security<br \/>\n<strong>No.\u00a0required<\/strong>:\u00a0\u00a0\u00a0\u00a0\u00a0\u00a0\u00a0\u00a0\u00a01<br \/>\n<strong>Reports\u00a0to<\/strong>:\u00a0\u00a0\u00a0\u00a0\u00a0\u00a0\u00a0\u00a0\u00a0\u00a0\u00a0\u00a0 Security\u00a0Manager<br \/>\n<strong>Location<\/strong>:\u00a0\u00a0\u00a0\u00a0\u00a0\u00a0\u00a0\u00a0\u00a0\u00a0\u00a0\u00a0\u00a0\u00a0\u00a0\u00a0 Marinza\u00a0Oil\u00a0Field<br \/>\n<strong>Working\u00a0schedule<\/strong>:\u00a04\u00a0days\u00a0ON\/4 days\u00a0OFF;\u00a0Working\u00a0hours:\u00a0Day\u00a0shift:\u00a007.00\u00a0&#8211;\u00a019.00;\u00a01\u00a0hour\u00a0break\u00a0included.<\/p>\n<p><strong><a href=\"https:\/\/tokdev.al\/bankers\/wp-content\/uploads\/2022\/11\/Vacancy-Security-Supervisor.pdf\" target=\"_blank\" rel=\"noopener noreferrer\">3. Position Title:\u00a0\u00a0\u00a0 Security Supervisor<\/a><br \/>\n<\/strong><strong>No.\u00a0required<\/strong>:\u00a0 \u00a0 \u00a0 \u00a0 \u00a0 \u00a0 1<br \/>\n<strong>Department<\/strong>:\u00a0 \u00a0 \u00a0 \u00a0 \u00a0 \u00a0 \u00a0Security<br \/>\n<strong>Reports\u00a0to<\/strong>:\u00a0\u00a0\u00a0\u00a0\u00a0\u00a0\u00a0\u00a0\u00a0\u00a0\u00a0\u00a0\u00a0\u00a0 Security\u00a0Manager<br \/>\n<strong>Location<\/strong>:\u00a0\u00a0\u00a0\u00a0\u00a0\u00a0\u00a0\u00a0\u00a0\u00a0\u00a0\u00a0\u00a0\u00a0\u00a0\u00a0\u00a0\u00a0 Patos\u00a0\u2013Marinez\u00a0Oilfield<br \/>\n<strong>Working schedule<\/strong>:\u00a04 days ON\/4 days OFF; Working hours: Day shift: 07.00-19.00\/Night shift: 19.00- 07.00; 1 hour\u00a0break\u00a0included;<\/p>\n<p><strong><a href=\"https:\/\/tokdev.al\/bankers\/wp-content\/uploads\/2022\/11\/Vacancy-CCTV-Operator.pdf\" target=\"_blank\" rel=\"noopener noreferrer\">4.\u00a0Position\u00a0Title:\u00a0 \u00a0 \u00a0 \u00a0 \u00a0CCTV\u00a0Operator<\/a><br \/>\n<\/strong><strong>No.\u00a0required<\/strong>:\u00a0 \u00a0 \u00a0 \u00a0 \u00a0 \u00a0 \u00a0 1<br \/>\n<strong>Department<\/strong>:\u00a0 \u00a0 \u00a0 \u00a0 \u00a0 \u00a0 \u00a0 \u00a0Security<br \/>\n<strong>Reports\u00a0to<\/strong>:\u00a0\u00a0\u00a0\u00a0\u00a0\u00a0\u00a0\u00a0\u00a0\u00a0\u00a0\u00a0\u00a0\u00a0\u00a0\u00a0 Security\u00a0Manager<br \/>\n<strong>Location<\/strong>:\u00a0\u00a0\u00a0\u00a0\u00a0\u00a0\u00a0\u00a0\u00a0\u00a0\u00a0\u00a0\u00a0\u00a0\u00a0\u00a0\u00a0\u00a0\u00a0\u00a0 Field\u00a0Command\u00a0Centre<br \/>\n<strong>Working schedule<\/strong>:\u00a04 days ON\/4 days OFF; Working hours: Day shift: 07.00-19.00\/Night shift: 19.00- 07.00; 1 hour\u00a0break\u00a0included;<\/p>\n<p><a href=\"https:\/\/tokdev.al\/bankers\/wp-content\/uploads\/2022\/11\/Vacancy-Lawyer.pdf\" target=\"_blank\" rel=\"noopener noreferrer\"><strong>5.\u00a0Position\u00a0Title:\u00a0\u00a0\u00a0\u00a0\u00a0\u00a0\u00a0\u00a0\u00a0\u00a0 Lawyer<\/strong><\/a><br \/>\n<strong>No.\u00a0required<\/strong>:\u00a0 \u00a0 \u00a0 \u00a0 \u00a0 \u00a0 \u00a0 \u00a0 2<br \/>\n<strong>Department<\/strong>:\u00a0\u00a0\u00a0\u00a0\u00a0\u00a0\u00a0\u00a0\u00a0\u00a0\u00a0\u00a0\u00a0\u00a0\u00a0\u00a0 Legal<br \/>\n<strong>Reports\u00a0to<\/strong>:\u00a0 \u00a0 \u00a0 \u00a0 \u00a0 \u00a0 \u00a0 \u00a0 \u00a0 \u00a0Head\u00a0of\u00a0Legal\u00a0Department<br \/>\n<strong>Location<\/strong>:\u00a0 \u00a0 \u00a0 \u00a0 \u00a0 \u00a0 \u00a0 \u00a0 \u00a0 \u00a0 \u00a0 Field,\u00a0Albania<\/p>\n<p>&nbsp;<\/p>\n<p>&nbsp;<\/p>\n","protected":false},"excerpt":{"rendered":"<p>N\u00eb Bankers, ne besojm\u00eb se \u00e7do punonj\u00ebs kontribuon drejtp\u00ebrdrejt n\u00eb ...<\/p>\n","protected":false},"author":1,"featured_media":0,"parent":0,"menu_order":0,"comment_status":"closed","ping_status":"closed","template":"","meta":{"_acf_changed":false,"inline_featured_image":false,"footnotes":""},"acf":[],"_links":{"self":[{"href":"https:\/\/bankerspetroleum.com\/alb\/wp-json\/wp\/v2\/pages\/127"}],"collection":[{"href":"https:\/\/bankerspetroleum.com\/alb\/wp-json\/wp\/v2\/pages"}],"about":[{"href":"https:\/\/bankerspetroleum.com\/alb\/wp-json\/wp\/v2\/types\/page"}],"author":[{"embeddable":true,"href":"https:\/\/bankerspetroleum.com\/alb\/wp-json\/wp\/v2\/users\/1"}],"replies":[{"embeddable":true,"href":"https:\/\/bankerspetroleum.com\/alb\/wp-json\/wp\/v2\/comments?post=127"}],"version-history":[{"count":31,"href":"https:\/\/bankerspetroleum.com\/alb\/wp-json\/wp\/v2\/pages\/127\/revisions"}],"predecessor-version":[{"id":2822,"href":"https:\/\/bankerspetroleum.com\/alb\/wp-json\/wp\/v2\/pages\/127\/revisions\/2822"}],"wp:attachment":[{"href":"https:\/\/bankerspetroleum.com\/alb\/wp-json\/wp\/v2\/media?parent=127"}],"curies":[{"name":"wp","href":"https:\/\/api.w.org\/{rel}","templated":true}]}}