{"id":2668,"date":"2025-03-17T10:21:15","date_gmt":"2025-03-17T10:21:15","guid":{"rendered":"https:\/\/tokdev.al\/bankers\/?page_id=2668"},"modified":"2025-08-07T14:21:24","modified_gmt":"2025-08-07T14:21:24","slug":"kultura-e-integritetit","status":"publish","type":"page","link":"https:\/\/bankerspetroleum.com\/alb\/kultura-e-integritetit\/","title":{"rendered":"Kultura e Integritetit"},"content":{"rendered":"\t\t<div data-elementor-type=\"wp-page\" data-elementor-id=\"2668\" class=\"elementor elementor-2668\">\n\t\t\t\t\t\t<section class=\"elementor-section elementor-top-section elementor-element elementor-element-eb1d5cc elementor-section-boxed elementor-section-height-default elementor-section-height-default\" data-id=\"eb1d5cc\" data-element_type=\"section\">\n\t\t\t\t\t\t<div class=\"elementor-container elementor-column-gap-default\">\n\t\t\t\t\t<div class=\"elementor-column elementor-col-100 elementor-top-column elementor-element elementor-element-eced87c\" data-id=\"eced87c\" data-element_type=\"column\">\n\t\t\t<div class=\"elementor-widget-wrap elementor-element-populated\">\n\t\t\t\t\t\t<div class=\"elementor-element elementor-element-1573881 elementor-widget elementor-widget-heading\" data-id=\"1573881\" data-element_type=\"widget\" data-widget_type=\"heading.default\">\n\t\t\t\t<div class=\"elementor-widget-container\">\n\t\t\t<style>\/*! elementor - v3.22.0 - 17-06-2024 *\/\n.elementor-heading-title{padding:0;margin:0;line-height:1}.elementor-widget-heading .elementor-heading-title[class*=elementor-size-]>a{color:inherit;font-size:inherit;line-height:inherit}.elementor-widget-heading .elementor-heading-title.elementor-size-small{font-size:15px}.elementor-widget-heading .elementor-heading-title.elementor-size-medium{font-size:19px}.elementor-widget-heading .elementor-heading-title.elementor-size-large{font-size:29px}.elementor-widget-heading .elementor-heading-title.elementor-size-xl{font-size:39px}.elementor-widget-heading .elementor-heading-title.elementor-size-xxl{font-size:59px}<\/style><h2 class=\"elementor-heading-title elementor-size-default\">Kultura e Ndershm\u00ebris\u00eb dhe Integritetit<\/h2>\t\t<\/div>\n\t\t\t\t<\/div>\n\t\t\t\t\t<\/div>\n\t\t<\/div>\n\t\t\t\t\t<\/div>\n\t\t<\/section>\n\t\t\t\t<section class=\"elementor-section elementor-top-section elementor-element elementor-element-d969c80 elementor-section-boxed elementor-section-height-default elementor-section-height-default\" data-id=\"d969c80\" data-element_type=\"section\">\n\t\t\t\t\t\t<div class=\"elementor-container elementor-column-gap-default\">\n\t\t\t\t\t<div class=\"elementor-column elementor-col-66 elementor-top-column elementor-element elementor-element-0328cbe\" data-id=\"0328cbe\" data-element_type=\"column\">\n\t\t\t<div class=\"elementor-widget-wrap elementor-element-populated\">\n\t\t\t\t\t\t<div class=\"elementor-element elementor-element-08d4947 elementor-widget elementor-widget-text-editor\" data-id=\"08d4947\" data-element_type=\"widget\" data-widget_type=\"text-editor.default\">\n\t\t\t\t<div class=\"elementor-widget-container\">\n\t\t\t<style>\/*! elementor - v3.22.0 - 17-06-2024 *\/\n.elementor-widget-text-editor.elementor-drop-cap-view-stacked .elementor-drop-cap{background-color:#69727d;color:#fff}.elementor-widget-text-editor.elementor-drop-cap-view-framed .elementor-drop-cap{color:#69727d;border:3px solid;background-color:transparent}.elementor-widget-text-editor:not(.elementor-drop-cap-view-default) .elementor-drop-cap{margin-top:8px}.elementor-widget-text-editor:not(.elementor-drop-cap-view-default) .elementor-drop-cap-letter{width:1em;height:1em}.elementor-widget-text-editor .elementor-drop-cap{float:left;text-align:center;line-height:1;font-size:50px}.elementor-widget-text-editor .elementor-drop-cap-letter{display:inline-block}<\/style>\t\t\t\t<p>Bankers, si nj\u00eb kompani nd\u00ebrkomb\u00ebtare energjetike, respekton plot\u00ebsisht dhe i p\u00ebrmbahet n\u00eb m\u00ebnyr\u00eb strikte ligjeve dhe rregulloreve n\u00eb fuqi t\u00eb Shqip\u00ebris\u00eb. Bankers \u00ebsht\u00eb e p\u00ebrkushtuar p\u00ebr t\u00eb krijuar vler\u00eb p\u00ebr aksionar\u00ebt dhe punonj\u00ebsit, duke kontribuar n\u00eb mir\u00ebqenien e Shqip\u00ebris\u00eb dhe duke mb\u00ebshtetur parimet e pajtueshm\u00ebris\u00eb ligjore, integritetit dhe menaxhimit t\u00eb standardizuar. Bankers miraton nj\u00eb politik\u00eb zero tolerance ndaj \u00e7do forme korrupsioni. Integriteti, ndershm\u00ebria, vet\u00ebdisiplina dhe pajtueshm\u00ebria konsiderohen si cil\u00ebsi themelore p\u00ebr t\u00eb gjith\u00eb punonj\u00ebsit e Bankers, dhe Bankers mir\u00ebpret mbik\u00ebqyrjen nga publiku.<\/p><p>N\u00ebse vini re ndonj\u00eb shkelje t\u00eb ligjeve, rregulloreve ose shkelje t\u00eb sjelljes etike nga punonj\u00ebsit e Bankers n\u00eb pun\u00ebn ose aktivitetet e tyre t\u00eb biznesit, ju inkurajoheni t\u00eb raportoni incidente t\u00eb tilla n\u00eb Departamentin e Auditimit dhe Mbik\u00ebqyrjes s\u00eb Bankers perms emailit, \u00a0telefonit , WhatsApp osemjeteve t\u00eb tjera. Pasi t\u00eb verifikohen dhe t\u00eb rezultojn\u00eb n\u00eb rikuperimin e humbjeve, Bankers do t&#8217;i shp\u00ebrblej\u00eb sinjalizuesit n\u00eb p\u00ebrputhje me politikat e Bankers.<\/p>\t\t\t\t\t\t<\/div>\n\t\t\t\t<\/div>\n\t\t\t\t\t<\/div>\n\t\t<\/div>\n\t\t\t\t<div class=\"elementor-column elementor-col-33 elementor-top-column elementor-element elementor-element-d9fdb4d\" data-id=\"d9fdb4d\" data-element_type=\"column\">\n\t\t\t<div class=\"elementor-widget-wrap elementor-element-populated\">\n\t\t\t\t\t\t<div class=\"elementor-element elementor-element-9e4276d elementor-widget elementor-widget-text-editor\" data-id=\"9e4276d\" data-element_type=\"widget\" data-widget_type=\"text-editor.default\">\n\t\t\t\t<div class=\"elementor-widget-container\">\n\t\t\t\t\t\t\t<strong>Departamenti i Auditimit dhe Mbik\u00ebqyrjes s\u00eb Bankier\u00ebve<\/strong><br>\n<strong>Telefon<\/strong> : +355 &#8211; 69 204 7781<br>\n<strong>Email<\/strong> : whistleblow6666@gmail.com<br>\n<strong>Adresa<\/strong>: Audit &amp; Supervision Dept.,\nBankers Petroleum Albania LTD.,\n2\/F, Rr. Rruga \u201cMurialdo\u201d, Sheq i Madh Fier, Albania<br><br>\n\n<strong>WhatsApp:<\/strong><br>\n<a href=\"https:\/\/bankerspetroleum.com\/wp-content\/uploads\/2025\/03\/whatsapp_qr.jpg\"><img decoding=\"async\" class=\"alignleft wp-image-2670\" src=\"https:\/\/bankerspetroleum.com\/wp-content\/uploads\/2025\/03\/whatsapp_qr.jpg\" alt=\"\" width=\"135\" height=\"133\" \/><\/a>\t\t\t\t\t\t<\/div>\n\t\t\t\t<\/div>\n\t\t\t\t\t<\/div>\n\t\t<\/div>\n\t\t\t\t\t<\/div>\n\t\t<\/section>\n\t\t\t\t<\/div>\n\t\t","protected":false},"excerpt":{"rendered":"<p>Kultura e Ndershm\u00ebris\u00eb dhe Integritetit Bankers, si nj\u00eb kompani nd\u00ebrkomb\u00ebtare ...<\/p>\n","protected":false},"author":1,"featured_media":0,"parent":0,"menu_order":0,"comment_status":"closed","ping_status":"closed","template":"elementor_header_footer","meta":{"_acf_changed":false,"inline_featured_image":false,"footnotes":""},"acf":[],"_links":{"self":[{"href":"https:\/\/bankerspetroleum.com\/alb\/wp-json\/wp\/v2\/pages\/2668"}],"collection":[{"href":"https:\/\/bankerspetroleum.com\/alb\/wp-json\/wp\/v2\/pages"}],"about":[{"href":"https:\/\/bankerspetroleum.com\/alb\/wp-json\/wp\/v2\/types\/page"}],"author":[{"embeddable":true,"href":"https:\/\/bankerspetroleum.com\/alb\/wp-json\/wp\/v2\/users\/1"}],"replies":[{"embeddable":true,"href":"https:\/\/bankerspetroleum.com\/alb\/wp-json\/wp\/v2\/comments?post=2668"}],"version-history":[{"count":28,"href":"https:\/\/bankerspetroleum.com\/alb\/wp-json\/wp\/v2\/pages\/2668\/revisions"}],"predecessor-version":[{"id":2816,"href":"https:\/\/bankerspetroleum.com\/alb\/wp-json\/wp\/v2\/pages\/2668\/revisions\/2816"}],"wp:attachment":[{"href":"https:\/\/bankerspetroleum.com\/alb\/wp-json\/wp\/v2\/media?parent=2668"}],"curies":[{"name":"wp","href":"https:\/\/api.w.org\/{rel}","templated":true}]}}